se 68*j = 73*j - 420. Calculate the highest common divisor of j and n.
12
Suppose -92 = -j - 3*a, 0 = 2*a - a + 1. Let n be (-16)/(-40)*j - -4. What is the highest common divisor of 182 and n?
14
Let f be ((-460)/(-368))/(1/(2*2)). Suppose -2*s + 3*q + 585 = 0, -q - 1479 = -f*s + q. Calculate the greatest common factor of 27 and s.
27
Suppose 5*t - 52 = 2*p, 2*p + 22 = 3*t - 10. Let q(r) = 3*r - 19. Let v be q(t). Suppose -v - 89 = -4*w. What is the greatest common divisor of 25 and w?
25
Let n be 21/14 + -2*(-50)/8. Calculate the greatest common factor of n and 66.
2
Let d(o) = -2*o**2 + 207*o - 1259. Let w be d(94). Calculate the greatest common divisor of 62 and w.
31
Let d = 117 + -197. Let p be (-32)/d*(0 - -5). Suppose 200 = 3*t + x, p*x = 5*t + 4*x - 335. Calculate the greatest common divisor of t and 13.
13
Let p = 777 - 313. Let y be 539/33 + 2/(24/(-4)). Calculate the highest common factor of p and y.
16
Let z be (-3)/((-6)/4) + 19. Suppose -18*f - 36 = -14*f, 0 = 4*j - 4*f - 204. What is the highest common factor of j and z?
21
Let c(o) = 9*o - 14. Let x be c(5). Let h = x - 26. Suppose 4*q - h*t = 409, -q + 2*t + 106 = -0*q. Calculate the greatest common divisor of q and 32.
32
Let t = 37219 - 18544. What is the greatest common factor of t and 225?
225
Let w = -5826 + 5847. Calculate the greatest common divisor of w and 4179.
21
Let z(v) = -v**3 + 137*v**2 + 281*v - 222. Let y be z(139). What is the highest common divisor of 24960 and y?
195
Let q(j) be the first derivative of 61*j**2/2 - 60*j - 97. Let v be q(5). Calculate the greatest common divisor of 49 and v.
49
Suppose -3*i - 759 = 2*u - 885, u - 120 = -3*i. Let o = 118 + 699. Calculate the highest common divisor of i and o.
19
Let x be -2 + 281 + (-3)/(-3). Suppose 28*b - x - 168 = 0. What is the greatest common divisor of 64 and b?
16
Let w be (-868)/(-6) + 174/522. What is the greatest common divisor of w and 377?
29
Let y(q) = -q**3 + 28*q**2 - 51*q - 20. Let f be y(26). Suppose 5*p + 10*n = f*n + 3453, 2*p - 3*n = 1372. Calculate the greatest common divisor of p and 13.
13
Let u be 3/(-2)*(-2)/(-1). Let n be 185/4 - u/(-12). Suppose -106*i + 828 = -94*i. Calculate the highest common divisor of n and i.
23
Let o = -19807 - -27583. What is the greatest common divisor of o and 320?
32
Suppose 5*o = -29*o + 13566. Let m = 404 - o. Let i be 2/12 - (-59)/6. Calculate the greatest common factor of m and i.
5
Let a(u) be the second derivative of 7*u**5/20 - u**4/6 + u**2 + u. Let q be a(2). Let n = 10897 - 10877. Calculate the greatest common factor of n and q.
10
Let m(i) = -4*i**3 - 41*i**2 + 53*i + 232. Let f be m(-11). What is the highest common divisor of f and 59148?
12
Let m(f) = 541*f + 69. Let t be m(1). Let k = -601 + t. What is the highest common divisor of 8 and k?
1
Let i = 19676 - 12272. Calculate the highest common divisor of i and 12.
12
Suppose 17*a + 610 = f + 15*a, 5*f = a + 3041. Let q = f - 578. Calculate the highest common factor of q and 270.
30
Suppose 98*k - 138 = 100*k. Let n be 0/13 - k*3. Calculate the greatest common factor of n and 23.
23
Let f(i) = 645*i + 5919. Let r be f(-7). Calculate the greatest common factor of 728 and r.
52
Let u(j) = 2*j**3 + 13*j**2 + 47*j + 2. Let c be u(-5). Let p = c - -254. Let b be ((-24)/(-28))/((-1)/(-168)). Calculate the greatest common factor of b and p.
48
Let z = 606 - 486. Suppose -d - 4*d + 800 = 0. What is the greatest common factor of d and z?
40
Let h = -217 + 220. Let m be h/4 - 23/(-92). Calculate the highest common factor of 7 and m.
1
Let a = 13811 + -12159. What is the greatest common divisor of a and 84?
28
Let u be 357/18 + (-4)/(-24). Let j be 3*(2 + u/(-12)). Let v be j*30*(-16)/(-12). What is the highest common factor of 16 and v?
8
Let m be (-1 - 23)*(1 - 24/18). What is the greatest common divisor of 200 and m?
8
Let a be (21/(-27) + (-16)/72)*1. Let x be 6/(a/35*-15). Let k(m) = 46*m**2 - 2. Let g be k(-2). Calculate the highest common divisor of g and x.
14
Suppose 3*t + 22 + 161 = q, 4*t = 2*q - 360. What is the greatest common divisor of 348 and q?
174
Let n be (-88)/110 + 2/(-10) - -155. Suppose -155*f + 21 = -n*f. Suppose -2*d = 68 - 278. What is the greatest common divisor of f and d?
21
Let t(g) = g**3 + 13*g**2 + 7*g - 38. Let c be t(-12). Suppose c*v - q = 20*v + 707, 3*v = q + 1059. What is the greatest common factor of v and 22?
22
Let t be ((-508)/12 - -3)/(((-114)/126)/19). Calculate the highest common divisor of t and 7.
7
Suppose -2*p - 498 = -3*o, -5*p - 362 = -5*o + 463. Suppose -o + 1968 = 15*f. Calculate the greatest common factor of f and 96.
24
Let g(p) = -4*p - 249. Let v be g(-99). Suppose 3*q = 265 + 155. Let a be ((-12)/10)/((-8)/q). What is the highest common divisor of v and a?
21
Suppose 3*k - 8 = 16. Suppose -6*l = -k*l + 54. Let a be (90/25)/(2/5). Calculate the highest common factor of a and l.
9
Suppose 73*d - 105*d + 1540 + 8092 = 0. Calculate the greatest common divisor of d and 98.
7
Let m be 2737 - ((-195)/15 - -15). Calculate the greatest common divisor of m and 25.
5
Suppose 3*o - 15*o + 36 = 0. Suppose 0 = -b + o*l - 2, -5*b = -3*l + 2 - 4. Suppose -3*i + 23 = -v, 0 = 2*v + 10. What is the highest common divisor of b and i?
1
Suppose 5*m - 522 = 90*l - 93*l, -2*m = 3*l - 540. Let g be ((-2)/(-6))/(2/138). What is the highest common factor of g and l?
23
Suppose 101*t - 98*t - 339 = 0. Let o be (-7 + t)/((-2)/(-4)). Let h be o/12 + (-1)/(-3). What is the highest common factor of 36 and h?
18
Let g be 712/10 + ((-3)/45)/((-9)/108). What is the greatest common factor of g and 2400?
24
Suppose -3*g = 5*t - 360, 18*t - 13*t = -30. Calculate the highest common divisor of g and 52.
26
Let q(a) = 7*a**2 + 10*a - 18. Let r be q(2). Calculate the greatest common divisor of 1090 and r.
10
Suppose 2*a + 82 = 7*a + 4*v, -v - 2 = 0. Calculate the highest common factor of a and 693.
9
Let j be ((48/(-18))/(-4))/((-4)/(-102)). Suppose -x = j - 14. Let w be x + 1 + 2 + 432/4. Calculate the greatest common factor of w and 12.
12
Let b(m) = -13*m - 32. Let u(a) = 36*a + 96. Let g(i) = 11*b(i) + 4*u(i). Let l be g(-7). Calculate the highest common divisor of l and 75.
25
Suppose -5*h = -l - 3*l - 35, 5*l + 34 = 3*h. What is the greatest common divisor of 1299 and h?
3
Let u = 39711 - 20558. Calculate the highest common factor of u and 179.
179
Suppose 65*g + 38*g = 2*g + 28684. Calculate the highest common factor of g and 1491.
71
Let b(s) = 66*s**2 - 9*s - 10. Let a be b(-4). Calculate the highest common divisor of a and 2.
2
Let b = -7 - -13. Suppose -5*h = -5*q + q - 24, 4 = -4*q. What is the greatest common divisor of h and b?
2
Let l be ((-2)/(-6))/((-32)/(-48))*-2. Let q be (-5144)/(-32) + l + (-18)/(-8). Calculate the greatest common factor of 27 and q.
27
Let v = 761 + -409. Let q be 23816/130*((-15)/(-6))/1. Let t be (q/10 - 2) + 20/100. What is the greatest common factor of v and t?
44
Let u be 42*1/(-3) - -170. Let s(a) = 3*a**2 + 12*a + 29. Let w be s(-11). Calculate the greatest common divisor of u and w.
52
Let b(q) = -37*q + 1458. Let r be b(39). Calculate the highest common divisor of r and 537.
3
Let x(r) = 88*r - 1845. Let w be x(27). Calculate the greatest common factor of w and 63.
9
Suppose -36*a + 961 = -335. Calculate the highest common factor of a and 117.
9
Let i(b) = -342*b + 3 + 3 - 341*b + 678*b. Let m be i(1). What is the highest common factor of m and 8?
1
Let n(a) = -6*a - 2. Let h be n(-2). Suppose c = 3*c - h. Let f(l) = -41*l**3 + 2*l + 1. Let u be f(-1). Calculate the greatest common factor of u and c.
5
Suppose 5*l = -h - 70, 3*l = 4*h + h - 42. Let d = l + 30. Let f be (2 + (-21)/6)/(3/6) - -43. What is the greatest common divisor of f and d?
8
Let n(i) = -9*i + 22. Let p be n(-4). Let a = 130 + -43. Calculate the highest common factor of p and a.
29
Suppose -16*o = -18*o + 4. Suppose -8*w + o*w = -540. Let h = 52 - 43. What is the greatest common divisor of w and h?
9
Let d = 153 + -152. Let h be 13/d + 6 + -10 + 6. Calculate the greatest common divisor of 12 and h.
3
Let q be (2 - (-21)/(-6))/(6/(-1024)). Let j = q - 67. Calculate the greatest common factor of 21 and j.
21
Suppose -640*w = -644*w - 12. Let r be w/(6 - 393/65). Let f